
Does 7 divide 226737?
True
Is 18800 a multiple of 25?
True
Is 6 a factor of 291906?
True
Does 4 divide 781000?
True
Does 57 divide 1250181?
True
Is 171 a factor of 44712?
False
Is 4735262 a multiple of 458?
True
Is 57 a factor of 88920?
True
Is 311304 a multiple of 188?
False
Is 148 a factor of 3847441?
False
Is 141 a factor of 573729?
True
Is 75 a factor of 55050?
True
Is 18 a factor of 1834561?
False
Is 120 a factor of 2540760?
True
Does 5 divide 754312?
False
Does 59 divide 6582453?
True
Is 81 a factor of 82714?
False
Is 101618 a multiple of 12?
False
Does 220 divide 10417015?
False
Is 15 a factor of 837637?
False
Does 4 divide 79062?
False
Does 6 divide 4581396?
True
Is 257 a factor of 8530601?
True
Is 241508 a multiple of 15?
False
Is 89 a factor of 85262?
True
Is 168 a factor of 36624?
True
Does 149 divide 108919?
True
Is 24294 a multiple of 124?
False
Is 9317893 a multiple of 14?
False
Is 610 a factor of 5247292?
False
Does 114 divide 1241460?
True
Is 1090 a factor of 19378020?
True
Is 26956 a multiple of 293?
True
Is 10 a factor of 181440?
True
Is 466957 a multiple of 82?
False
Is 42 a factor of 9900081?
False
Is 2 a factor of 518698?
True
Does 13 divide 231868?
True
Is 549518 a multiple of 5?
False
Is 1005993 a multiple of 37?
True
Does 251 divide 6952518?
False
Is 429 a factor of 791076?
True
Is 371730 a multiple of 30?
True
Is 18 a factor of 1921201?
False
Is 2 a factor of 228942?
True
Is 920822 a multiple of 7?
True
Does 1122 divide 10004881?
False
Does 177 divide 6615375?
True
Is 90 a factor of 171779?
False
Does 44 divide 8743?
False
Is 125 a factor of 1114871?
False
Does 87 divide 7995039?
True
Is 314 a factor of 399845?
False
Does 161 divide 9376157?
True
Does 26 divide 1115192?
True
Is 148889 a multiple of 163?
False
Does 70 divide 7518?
False
Is 22 a factor of 44703?
False
Does 496 divide 1227104?
True
Does 29 divide 330368?
True
Does 75 divide 1020534?
False
Is 247 a factor of 197106?
True
Is 287 a factor of 442038?
False
Is 82264 a multiple of 156?
False
Does 7 divide 414851?
False
Does 31 divide 1405416?
True
Is 9867752 a multiple of 296?
True
Does 44 divide 116072?
True
Is 90 a factor of 206100?
True
Is 3694240 a multiple of 20?
True
Is 12 a factor of 7072572?
True
Is 22 a factor of 612062?
True
Does 78 divide 324324?
True
Is 930 a factor of 96720?
True
Does 132 divide 4358178?
False
Is 32093 a multiple of 7?
False
Does 323 divide 2053931?
False
Does 187 divide 9248662?
False
Is 329 a factor of 4820837?
True
Does 121 divide 101640?
True
Is 1071459 a multiple of 47?
True
Does 18 divide 794068?
False
Is 55934 a multiple of 263?
False
Does 75 divide 2052900?
True
Is 287 a factor of 22099?
True
Is 405 a factor of 17202226?
False
Does 452 divide 61020?
True
Is 30 a factor of 709360?
False
Is 1096536 a multiple of 461?
False
Does 66 divide 402798?
True
Is 2062393 a multiple of 197?
True
Does 288 divide 1530337?
False
Is 461 a factor of 3557076?
True
Is 32205 a multiple of 113?
True
Does 19 divide 4713234?
False
Does 56 divide 776571?
False
Does 15 divide 103950?
True
Is 20 a factor of 1936420?
True
Does 34 divide 273524?
False
Is 21 a factor of 2346093?
False
Does 20 divide 3338980?
True
Is 255201 a multiple of 67?
False
Does 497 divide 18246361?
True
Does 76 divide 563757?
False
Is 3909770 a multiple of 5?
True
Is 428 a factor of 12121388?
True
Is 560236 a multiple of 454?
True
Is 464 a factor of 2005690?
False
Is 11 a factor of 6074402?
False
Is 9 a factor of 212238?
True
Does 20 divide 230397?
False
Is 26 a factor of 368284?
False
Is 632128 a multiple of 28?
True
Does 37 divide 9999028?
True
Is 14 a factor of 604653?
False
Does 6 divide 10584750?
True
Is 62028 a multiple of 7?
False
Is 6699670 a multiple of 23?
True
Is 20 a factor of 2077660?
True
Does 140 divide 63140?
True
Is 21556116 a multiple of 97?
True
Is 58190 a multiple of 11?
True
Does 57 divide 36708?
True
Is 4359883 a multiple of 68?
False
Is 8 a factor of 858816?
True
Does 538 divide 67481?
False
Does 408 divide 1625613?
False
Is 10 a factor of 1502260?
True
Is 2377543 a multiple of 28?
False
Is 464750 a multiple of 325?
True
Does 918 divide 8727119?
False
Is 557317 a multiple of 7?
False
Does 826 divide 15291100?
False
Does 17 divide 2887875?
True
Is 4841757 a multiple of 235?
False
Is 43 a factor of 203692?
False
Is 65 a factor of 978713?
False
Does 41 divide 6126520?
False
Is 81 a factor of 8540068?
False
Does 10 divide 190130?
True
Is 405120 a multiple of 32?
True
Is 457235 a multiple of 308?
False
Does 10 divide 373850?
True
Is 20 a factor of 66420?
True
Is 143388 a multiple of 14?
True
Is 108 a factor of 2808756?
True
Is 159 a factor of 2053485?
True
Is 1890638 a multiple of 36?
False
Does 3 divide 655671?
True
Is 25 a factor of 548685?
False
Does 14 divide 1617927?
False
Is 146 a factor of 119574?
True
Does 33 divide 33099?
True
Does 16 divide 250448?
True
Is 2187052 a multiple of 28?
True
Is 1750212 a multiple of 61?
True
Does 16 divide 733506?
False
Is 116116 a multiple of 143?
True
Does 152 divide 3068579?
False
Is 2725085 a multiple of 469?
False
Does 4 divide 3879080?
True
Does 7 divide 30870?
True
Does 25 divide 205425?
True
Does 17 divide 390212?
False
Is 32596 a multiple of 24?
False
Is 35 a factor of 1144185?
True
Does 17 divide 3638?
True
Is 29 a factor of 268656?
True
Is 4 a factor of 1391836?
True
Does 11 divide 407138?
False
Is 62441 a multiple of 32?
False
Is 173 a factor of 7863542?
True
Is 35 a factor of 31115?
True
Is 432120 a multiple of 312?
True
Is 9 a factor of 41641?
False
Is 15 a factor of 957435?
True
Is 222472 a multiple of 208?
False
Is 12683 a multiple of 3?
False
Is 215754 a multiple of 61?
False
Is 791744 a multiple of 9?
False
Does 14 divide 3218341?
False
Is 120 a factor of 21208?
False
Is 168948 a multiple of 18?
True
Does 169 divide 2662204?
False
Is 188 a factor of 681688?
True
Does 51 divide 24208?
False
Is 120662 a multiple of 98?
False
Is 66554 a multiple of 3?
False
Does 11 divide 478340?
False
Does 32 divide 2547295?
False
Is 7 a factor of 174067?
False
Is 2880568 a multiple of 650?
False
Does 690 divide 126798?
False
Is 270529 a multiple of 565?
False
Is 339 a factor of 48479?
False
Does 379 divide 270227?
True
Is 6 a factor of 399780?
True
Is 444268 a multiple of 253?
True
Is 230 a factor of 259440?
True
Does 12 divide 870552?
True
Is 211 a factor of 3365185?
False
Is 11722223 a multiple of 47?
True
Is 19 a factor of 125833?
False
Does 16 divide 230560?
True
Is 2953783 a multiple of 3?
False
Is 41650 a multiple of 219?
False
Does 472 divide 429992?
True
Does 526 divide 1826272?
True
Does 28 divide 5914507?
False
Is 854 a factor of 1699285?
False
Is 3951055 a multiple of 16?
False
Is 479 a factor of 577555?
False
Is 241 a factor of 624431?
True
Is 2125195 a multiple of 5?
True
Does 115 divide 52325?
True
Does 9 divide 27081?
True
Is 185301 a multiple of 68?
False
Does 353 divide 1608974?
True
Is 146 a factor of 73438?
True
Is 29 a factor of 32538?
True
Does 13 divide 641940?
True
Is 824055 a multiple of 15?
True
Does 35 divide 495620?
False
Is 3 a factor of 74538?
True
Is 25066 a multiple of 361?
False
Does 209 divide 3167842?
False
Is 276840 a multiple of 36?
True
Is 162274 a multiple of 7?
True
Does 271 divide 389969?
True
Does 85 divide 90185?
True
Does 72 divide 138603?
False
Is 595350 a multiple of 35?
True
Is 23 a factor of 595753?
False
Is 3979575 a multiple of 15?
True
Is 35128880 a multiple of 337?
True
Is 4301250 a multiple of 555?
True
Is 63 a factor of 551061?
True
Does 75 divide 617929?
False
Is 433 a factor of 2603629?
True
Is 317 a multiple of 15?
False
Does 16 divide 55232?
True
Does 55 divide 5006628?
False
Is 210059 a multiple of 5?
False
Is 3 a factor of 79647?
True
Is 81 a factor of 129438?
True
Is 99 a factor of 728046?
True
Is 19 a factor of 140695?
True
Is 519797 a multiple of 52?
False
Does 50 divide 142350?
True
Is 3966450 a multiple of 25?
True
Does 52 divide 262808?
True
Is 1181822 a multiple of 710?
False
Does 310 divide 2688630?
True
Does 801 divide 2431030?
False
Is 3425793 a multiple of 7?
True
Is 23 a factor of 37214?
True
Does 15 divide 620625?
True
Is 206 a factor of 372036?
True
Does 1702 divide 34697560?
False
Is 3624800 a multiple of 197?
True
Is 98 a factor of 1685404?
Tru